f q and r.
1
Suppose -10 + 0 = 2*a. Let y = a - -6. Calculate the highest common factor of 8 and y.
1
Suppose n = -5*l + 22, -n + 28 = n + 2*l. What is the highest common divisor of n and 30?
6
Suppose 4*x - 16 = -0*x. Calculate the greatest common divisor of x and 4.
4
Suppose 732 = 2*h - 3*g, 3*g + 0*g = -h + 357. Let b(j) = 6*j - 3. Let a be b(6). Calculate the greatest common divisor of h and a.
33
Let t be (-2 + 1)/((-1)/24*4). What is the highest common divisor of t and 48?
6
Let c be 54 - (4/2 - (3 + 0)). What is the highest common factor of c and 22?
11
Let j be (-28602)/(-56) + (-2)/(-8). Let b = 727 - j. What is the highest common factor of b and 24?
24
Let k = 6 + -6. Suppose 7*m - 12*m + 10 = k. What is the highest common factor of m and 1?
1
Let m be (-2)/(-2)*-18 + 3. Let i be ((-36)/m)/(2/40). Let x = 38 + -26. Calculate the highest common factor of i and x.
12
Let v(t) = -t**2 - 11*t - 10. Let m be v(-7). Let w = 129 + -84. Calculate the highest common factor of w and m.
9
Suppose -3*t - k = 2*t - 72, -2*k = t - 18. Calculate the highest common factor of t and 14.
14
Let c = -11 + 18. Suppose -3 = -y + c. Let q = 83 - 53. What is the greatest common factor of y and q?
10
Let p be (9/6)/((-2)/(-4)). Suppose -6*y + 2*y = 4*l - 8, y = 4*l - 3. Calculate the highest common factor of p and y.
1
Let q = -15 + 9. Let k be q/(-2)*4/3. Suppose -4*x + k*c = -428, 0 = 5*c - 0*c + 15. What is the highest common factor of x and 13?
13
Let v be (-21 + -1)/((-26)/143). What is the greatest common factor of v and 11?
11
Suppose 0 = -6*o + 2*o - 56. Let m be (o/21)/((-2)/45). Calculate the greatest common divisor of m and 15.
15
Let d(k) = -k**3 - 6*k**2 + k + 6. Let n be d(-6). Let y be 4/(n - 2/(-3)). Suppose -y*x = -x - 605. Calculate the greatest common factor of 11 and x.
11
Let f = -40 + 87. Let u = f - 28. Suppose a + 0*a - u = 0. What is the greatest common divisor of a and 95?
19
Let q be (2/(-3))/(8/(-36)). Suppose 2*a + 8 = 18, -y = -q*a - 55. What is the highest common factor of y and 10?
10
Suppose -5*a = 5*y - 1280, 4*y + 15 = 3. Let k be 3/2 + a/14. What is the greatest common factor of 5 and k?
5
Suppose a - 285 = j + 43, -a + 336 = 3*j. Let y be ((-10)/(-8))/(4/96). What is the highest common divisor of y and a?
30
Suppose -h - 91 + 267 = 0. What is the highest common divisor of 22 and h?
22
Suppose 3*m - 4*m - 14 = 0. Let j be m*2/8*-28. What is the highest common divisor of 14 and j?
14
Let x be -4 + 0 + (-185)/(-5). What is the highest common divisor of 11 and x?
11
Let o(b) = -2*b - 2. Let q = 24 - -1. Suppose z + 9 = -2*f, 0*f = -5*f - 2*z - q. Let m be o(f). What is the greatest common factor of m and 8?
4
Let j be 10/15 - (-46)/3. Calculate the greatest common factor of 112 and j.
16
Let n(t) = 4*t**2 - t - 4. Let i be n(-5). Suppose -i = -4*d + 119. Suppose r - d = -0*r. What is the highest common factor of 22 and r?
11
Let n(c) = -c**2 + 8*c - 4. Let g be n(8). Let u be 5/20 - 63/g. What is the greatest common divisor of u and 2?
2
Let z be 30/(-6) - 2*1. Let o = -2 - z. What is the greatest common factor of o and 35?
5
Let n(q) = -2*q - 4. Let d be n(-3). Suppose -5*t + r + 11 = 0, -2*t + 4*r - 7 = t. What is the greatest common divisor of t and d?
1
Let a = 14 + 0. Let h = 49 - 35. Suppose 5*g = 3*g + h. Calculate the highest common divisor of a and g.
7
Suppose 3*g + v + 0 = -7, 5*g + 5*v = -15. Let f be -4*(3/g + 1). What is the highest common factor of 5 and f?
1
Suppose s = 0, -4*q - 2*s = -q - 960. Suppose -q = c - 6*c. Suppose 2*i = -2*i + c. What is the highest common divisor of i and 64?
16
Let i = -4 + 6. Let b be 9 + -2 + (i - 1). Let s = 3 - -13. Calculate the highest common factor of b and s.
8
Let t(x) = x**2 + 3*x + 2. Let q be t(-3). Let d(g) = 4*g + 50. Let i be d(-7). What is the highest common factor of q and i?
2
Let i = -26 + 36. Calculate the highest common divisor of 5 and i.
5
Suppose -a + 3*a - 3*c - 51 = 0, 5*a - 5*c - 135 = 0. What is the highest common factor of a and 12?
6
Let i be (-29)/(-3) + -10 - 716/(-6). What is the highest common factor of i and 7?
7
Let d be (-8)/(-8) - -33*3. Let v be (-15)/(1 + 10/(-4)). What is the highest common factor of v and d?
10
Let a(s) = 7*s**3 + 2*s**2 - s. Let v be a(1). Let l be (2 - 2 - -2) + 1. Suppose -l*t + 6*t = 24. What is the greatest common factor of t and v?
8
Let g(x) = -x**2 + x - 1. Let m(c) = -2*c**2 + 4*c + 7. Let k(v) = -3*g(v) + m(v). Let i be k(-6). What is the greatest common divisor of i and 100?
20
Let n(m) = m**2 + m + 12. Let l be 12 - (-1 + 0 + 2). Let c be n(l). Calculate the highest common divisor of c and 16.
16
Suppose -7 - 3 = -5*p. Let d(f) = f**3 - f**2 - f + 18. Let h be d(0). Calculate the highest common divisor of p and h.
2
Let o(h) = -2*h - 1. Let f be o(-1). Suppose 5*j - j = 3*i + 35, 5*i + 13 = j. Let r = 0 + j. What is the highest common factor of r and f?
1
Let a be ((-36)/(-10))/(45/150). Let f be (-15)/(-3) + 1/1. Calculate the greatest common divisor of a and f.
6
Let c be 0 + 4*(-5)/(-2). Let g(x) = -x**2 - 6*x. Let w be g(-6). Let y be (-8)/(-12)*165 - w. Calculate the highest common factor of y and c.
10
Let z be ((-24)/9)/(4/(-78)). Let x = z - 28. Suppose 0 = -2*t + 19 - 3. What is the greatest common factor of x and t?
8
Let h(t) = 2*t - 3. Let n be h(3). Calculate the highest common factor of n and 33.
3
Suppose 4 = 2*l + 8. Let x be l*4/16*-114. What is the highest common divisor of 19 and x?
19
Suppose b + 2 = 7. Calculate the greatest common divisor of 2 and b.
1
Suppose -x - 2*x + 27 = 0. Calculate the highest common divisor of x and 72.
9
Let y(q) = -q**2 + 7*q - 5. Let r be y(4). Calculate the highest common divisor of r and 77.
7
Let j(z) = 1. Let r(a) = -a - 7. Let k(i) = 6*j(i) + r(i). Let q be k(-5). Calculate the highest common factor of 4 and q.
4
Suppose 4*b + t - 149 = 0, 2*t - 118 = -0*b - 3*b. Calculate the greatest common divisor of 24 and b.
12
Suppose -1 = -x + 4. Suppose -6*j = -x*j. Suppose h + 7 = -3*s, 2*h + j*s - 3*s = 13. What is the highest common divisor of h and 10?
2
Let j be 5*(42/10 - 0). Let p be 7*(1 - (2 - 2)). What is the greatest common divisor of p and j?
7
Let l be ((-5)/(-3))/((-5)/(-135)). What is the highest common divisor of 15 and l?
15
Let c = 9 - -5. Let i be -29 - (1 - 0 - 0). Let n = 100 + i. Calculate the highest common factor of n and c.
14
Suppose 89 = 4*w + 5*q, 2*q = -2*q + 4. Calculate the highest common factor of w and 3.
3
Let q = 1 - 2. Let j = q - -3. Suppose -k + 20 + 24 = 2*u, 110 = 5*u - k. What is the greatest common factor of u and j?
2
Let m be -4*20/(-16)*2 + 2. What is the highest common factor of m and 60?
12
Let m(b) = 3*b**2 - 5*b + 2. Let n be m(3). Suppose -8 - 22 = -2*d. Let s be (28/6)/(5/d). Calculate the greatest common factor of s and n.
14
Let n(f) = -f**3 + 3*f**2 + 5*f + 1. Let x be n(-7). Let o be 0 + -2 + x/12. Let d(v) = 4*v - 2. Let u be d(5). Calculate the highest common factor of o and u.
18
Suppose -12*b + b + 44 = 0. Calculate the highest common factor of b and 10.
2
Let j(i) = i**3 - 9*i**2 + i - 5. Let s be j(9). Suppose -75 = -5*q + 85. What is the greatest common divisor of s and q?
4
Let m be (-6)/(-27) - 214/(-9). What is the greatest common factor of 3 and m?
3
Let m be 9/(-2*3/(-84)). Calculate the greatest common factor of m and 14.
14
Let i be (-750)/9 + (-2)/3. Let k = i + 56. Let o be 200/14 - (-8)/k. What is the greatest common factor of 126 and o?
14
Suppose -12 = -a + 20. What is the greatest common factor of a and 80?
16
Let k = 17 - 17. Let i be (-9)/(-2) + (-1)/2. Suppose k = i*y - 2*y - 42. What is the greatest common factor of 21 and y?
21
Let g(u) be the first derivative of -u**2 - 2*u + 6. Let j be g(-8). Calculate the highest common divisor of 70 and j.
14
Let p(h) = 2*h**3 - 2*h**2 + 4*h - 4. Let c = -5 + 8. Let l be p(c). What is the greatest common factor of l and 11?
11
Suppose -4*c - 37 = -5*j, 0*c = 3*j + 3*c - 33. Let u(q) = 3*q - 9. Let d be u(j). What is the highest common factor of 54 and d?
18
Suppose u + 5*k + 1 + 5 = 0, -3*u - k = -52. What is the highest common factor of 19 and u?
19
Let d = 57 - 42. Let a(u) = u**3 - 11*u**2 - 11*u + 3. Let n be a(12). What is the highest com